?
210131
Convert -1532 (base 10) to base 12.
-a78
Convert 32ba (base 13) to base 14.
281c
Convert 3274 (base 8) to base 14.
8b2
Convert 744 (base 9) to base 8.
1137
-62e0 (base 16) to base 4
-12023200
Convert -22034 (base 6) to base 15.
-d81
-154 (base 6) to base 3
-2121
Convert 101133 (base 4) to base 16.
45f
What is 430 (base 13) in base 14?
391
Convert a6 (base 15) to base 2.
10011100
What is -441 (base 5) in base 14?
-89
13973 (base 12) to base 2
110101010100111
What is 101101011000001 (base 2) in base 9?
34774
-1011100001000001 (base 2) to base 15
-de99
Convert 119 (base 11) to base 16.
8d
-2262 (base 8) to base 16
-4b2
What is -1030 (base 9) in base 14?
-3c0
-1011000010111000 (base 2) to base 9
-68046
2813 (base 10) to base 14
104d
Convert -2024 (base 7) to base 16.
-2c0
Convert -711 (base 11) to base 10.
-859
23729 (base 10) to base 14
890d
-2041 (base 5) to base 7
-535
What is -3780 (base 14) in base 5?
-302331
Convert 21f (base 16) to base 8.
1037
Convert -7d7 (base 15) to base 8.
-3361
What is -10f6 (base 16) in base 9?
-5854
What is -53e (base 16) in base 4?
-110332
Convert -94d (base 14) to base 4.
-130221
-35612 (base 7) to base 8
-22005
3120200 (base 4) to base 9
21005
What is -10464 (base 7) in base 13?
-1284
What is 11000101011 (base 2) in base 12?
ab7
Convert 2ad7 (base 15) to base 16.
23f2
-100101111000100 (base 2) to base 13
-8aa0
679 (base 11) to base 9
1102
63661 (base 7) to base 15
4a17
Convert -18198 (base 12) to base 13.
-12b06
What is -17aa (base 11) in base 12?
-13b6
1e9e (base 15) to base 16
1a12
What is -69 (base 12) in base 13?
-63
Convert -45266 (base 9) to base 16.
-759f
Convert -413 (base 12) to base 3.
-210220
Convert ba (base 16) to base 6.
510
-190c (base 15) to base 13
-2604
Convert 4535 (base 11) to base 6.
43343
-2594 (base 15) to base 7
-32236
What is -5426 (base 15) in base 12?
-a383
-6697 (base 14) to base 5
-1032043
What is -575 (base 11) in base 4?
-22233
Convert -503 (base 10) to base 6.
-2155
Convert 436 (base 15) to base 5.
12301
132ba (base 15) to base 9
103164
What is -b1dc (base 14) in base 11?
-20a75
2607 (base 9) to base 7
5455
Convert 1a0 (base 11) to base 4.
3213
What is -11100000011 (base 2) in base 10?
-1795
-13034 (base 5) to base 15
-47e
8aa2 (base 11) to base 12
6b16
Convert 9358 (base 11) to base 12.
7219
-2200121 (base 4) to base 5
-312030
617 (base 8) to base 9
483
What is 956b (base 15) in base 14?
b733
What is 76 (base 16) in base 13?
91
What is -9056 (base 12) in base 5?
-444433
67e (base 16) to base 11
1281
1d8a (base 15) to base 8
14436
Convert 3998 (base 10) to base 14.
1658
Convert -554 (base 8) to base 14.
-1c0
330432 (base 6) to base 3
1101120002
-bc (base 14) to base 8
-246
What is 234210 (base 5) in base 11?
6581
22332 (base 4) to base 15
31c
What is 557 (base 10) in base 16?
22d
-301 (base 12) to base 16
-1b1
2017a (base 11) to base 7
151656
What is 20123 (base 5) in base 14?
680
-5c9 (base 14) to base 8
-2205
Convert -75d7 (base 14) to base 11.
-14345
-1022200 (base 4) to base 11
-3645
836 (base 9) to base 14
369
-1416 (base 9) to base 15
-4b3
Convert 2102202 (base 3) to base 16.
6ef
Convert 47a (base 13) to base 15.
36c
What is -245024 (base 6) in base 14?
-7d56
11023 (base 5) to base 8
1373
Convert 2056 (base 7) to base 5.
10402
Convert -57a (base 15) to base 10.
-1240
2017c (base 13) to base 14
16cb8
Convert 101011001 (base 2) to base 15.
180
Convert -75 (base 16) to base 11.
-a7
Convert -228 (base 9) to base 13.
-116
Convert 10db (base 14) to base 3.
11000210
What is -1103310 (base 5) in base 16?
-4b05
What is 211 (base 13) in base 12?
254
243 (base 7) to base 5
1004
What is 220110 (base 4) in base 5?
40310
-1625 (base 11) to base 12
-1258
What is 3015 (base 8) in base 14?
7c9
Convert -132332 (base 5) to base 16.
-14de
What is -11220 (base 3) in base 10?
-132
11201 (base 3) to base 12
a7
Convert -2033 (base 4) to base 14.
-a3
What is -26636 (base 12) in base 13?
-1b015
Convert -852 (base 15) to base 5.
-30002
What is 1b34 (base 12) in base 16?
d18
Convert -2100123 (base 4) to base 10.
-9243
What is 2120 (base 8) in base 12?
780
What is 3d0c (base 14) in base 2?
10101000101000
58c (base 16) to base 9
1847
What is -12100222 (base 3) in base 2?
-111101001010
What is -1123 (base 7) in base 12?
-2a1
What is -381 (base 16) in base 2?
-1110000001
Convert -47c (base 13) to base 16.
-30b
Convert 230 (base 5) to base 13.
50
-2325 (base 6) to base 15
-272
Convert -127 (base 9) to base 3.
-10221
-13326 (base 10) to base 6
-141410
What is 2353 (base 6) in base 16?
23d
4310 (base 15) to base 3
201110120
-2592 (base 15) to base 2
-1111101001100
-db46 (base 14) to base 6
-451230
162 (base 14) to base 7
552
What is 11125 (base 6) in base 11?
11a3
Convert 837 (base 10) to base 4.
31011
222430 (base 5) to base 11
5a00
What is 12330332 (base 4) in base 7?
146012
Convert 152c1 (base 13) to base 11.
280a1
What is 2344 (base 6) in base 5?
4233
111152 (base 6) to base 12
54b8
2571 (base 9) to base 10
1927
223131 (base 4) to base 12
1739
Convert 1121113 (base 4) to base 3.
21211211
What is -9c (base 15) in base 14?
-a7
Convert 110001000 (base 2) to base 12.
288
What is -37bc (base 13) in base 8?
-17371
-10011111 (base 2) to base 15
-a9
Convert -32557 (base 13) to base 12.
-447aa
21151 (base 6) to base 2
101100111011
What is 10110110001010 (base 2) in base 4?
2312022
-3672 (base 13) to base 15
-2433
511 (base 7) to base 10
253
Convert 19a6 (base 16) to base 13.
2cb1
Convert -674 (base 8) to base 12.
-310
Convert 13b4 (base 13) to base 15.
ca1
Convert -1b08 (base 12) to base 5.
-101240
Convert -46216 (base 8) to base 13.
-8bc7
What is 37536 (base 9) in base 2?
110001010001000
Convert 946 (base 14) to base 15.
81b
What is -54615 (base 7) in base 12?
-7b03
Convert 1533 (base 10) to base 11.
1174
-135620 (base 7) to base 4
-12112301
-2042 (base 8) to base 16
-422
Convert 11670 (base 8) to base 4.
1032320
21230 (base 4) to base 8
1154
2aa (base 13) to base 2
111011110
Convert 3685 (base 13) to base 15.
2444
What is 23e9 (base 15) in base 6?
55220
-15301 (base 6) to base 10
-2485
-b8 (base 12) to base 8
-214
Convert 2512 (base 7) to base 9.
1254
Convert -1141 (base 6) to base 3.
-101021
-436263 (base 7) to base 13
-28b5a
Convert 1232a (base 13) to base 15.
9dd3
What is -211110 (base 3) in base 14?
-314
Convert 1969 (base 11) to base 16.
9bf
-1321 (base 4) to base 9
-144
What is -55246 (base 7) in base 3?
-201000001
2111121 (base 3) to base 11
140a
Convert 12051 (base 7) to base 3.
11021200
Convert -1477 (base 10) to base 14.
-777
What is -800 (base 10) in base 5?
-11200
Convert 505 (base 12) to base 5.
10400
263 (base 14) to base 9
582
1551 (base 6) to base 7
1150
-3002 (base 5) to base 12
-275
Convert -968f (base 16) to base 7.
-220241
What is -834a (base 13) in base 14?
-6881
3277 (base 9) to base 14
c4b
What is -2432 (base 5) in base 13?
-223
Convert -1323 (base 7) to base 16.
-1fb
2243 (base 5) to base 11
274
Convert 17023 (base 8) to base 2.
1111000010011
Convert -280 (base 9) to base 14.
-12a
What is 59e (base 16) in base 10?
1438
-100001010 (base 2) to base 14
-150
What is 60d3 (base 16) in base 8?
60323
-412610 (base 7) to base 4
-101033120
What is 44530 (base 6) in base 10?
6246
What is -3045 (base 7) in base 5?
-13222
What is -204330 (base 5) in base 16?
-1ab8
Convert -710 (base 8) to base 15.
-206
What is 4b29 (base 14) in base 15?
3d7e
Convert -21624 (base 8) to base 5.
-242413
Convert 377 (base 12) to base 7.
1345
331601 (base 7) to base 13
20699
Convert -10143 (base 10) to base 12.
-5a53
-1364 (base 8) to base 2
-1011110100
Convert 220122 (base 3) to base 5.
10130
What is 18e00 (base 15) in base 16?
13b87
Convert -15d9 (base 14) to base 8.
-7513
248 (base 11) to base 6
1210
Convert 111101101101 (base 2) to base 11.
2a70
Convert 1f87 (base 16) to base 7.
32350
What is -518 (base 16) in base 10?
-1304
Convert -15865 (base 9) to base 3.
-112222012
Convert 1112303 (base 4) to base 13.
26b4
2013013 (base 5) to base 12
16802
What is 42213 (base 7) in base 4?
2202132
Convert -550 (base 13) to base 11.
-758
What is ea (base 16) in base 15?
109
2001 (base 3) to base 10
55
What is 15205 (base 6) in base 7?
10103
-80a (base 11) to base 9
-1306
Convert 11110101100 (base 2) to base 4.
132230
